52 + k. What is the units digit of f?
3
Suppose 10*k - 1296 = 2294. Let m = k - 253. What is the tens digit of m?
0
Let v(l) = l**3 - 2*l**2 - 4*l + 97. What is the hundreds digit of v(9)?
6
Suppose -4*c = -2*c - 2*g - 716, 2*c + 4*g = 716. What is the tens digit of c?
5
Suppose 4*q - 4*w - 1944 = 0, -4*q + 5*w + 1512 = -433. What is the tens digit of q?
8
Let z = 4 - 11. Let s be (-2)/7 - 1045/z. Suppose -3*c + s = 5*a, 3*c - 2*c - 59 = -2*a. What is the units digit of a?
8
Let i = -202 - -351. Suppose -5*o + 4*x + 132 + 28 = 0, 0 = 4*o + x - i. What is the tens digit of o?
3
Let f = 2473 - 1697. What is the hundreds digit of f?
7
Let l be 1/(4 + (-190)/48). What is the units digit of l/32 + 61/4?
6
Suppose 3*f = -0*l + 5*l + 12685, f - l - 4229 = 0. What is the tens digit of f?
3
Let c be (-12 - -16) + -1*(1 + 0). Suppose c*a + 37 = 145. What is the units digit of a?
6
What is the hundreds digit of 47/(-94) + 517/2?
2
Suppose 10*k - 6*k = 1152. Let m = k + -202. What is the tens digit of m?
8
Let m be 7/((6/(-140))/(-3)). Suppose x + 5*w - 121 = 0, 4*x + 2*w = -x + m. What is the units digit of x?
6
What is the thousands digit of ((-1140)/(-80))/(9/(-1212)*-1)?
1
Let s be ((-24)/9)/((-3)/(-9)). Let y be 3 + s - (1 + -2). What is the tens digit of 12/(y - 68/(-16))?
4
Let a = 125 - 120. Suppose a*g + 5*s - 175 = 0, 4*g - s = g + 121. What is the tens digit of g?
3
Let o = 123 - -1. Suppose 8*b + 3*b - 924 = 0. Let m = o - b. What is the tens digit of m?
4
Let h(v) = -35*v + 1. Suppose -7 = -2*s - 1. Suppose 0 = 8*l - 3*l + x + 10, 5*l + s*x = -20. What is the tens digit of h(l)?
3
Suppose -1324*g + 462 = -1322*g. What is the units digit of g?
1
Let o be (-55)/(-45) + 2/(-9). Let v be 9 + (-2 - (-2 + o)). Suppose v = 2*y - 4. What is the units digit of y?
6
Let a be (1 - 1)/(1 + (1 - 0)). Suppose 4*p = 5*s + 80 + 140, -p + s + 54 = a. What is the tens digit of p?
5
Suppose 27 - 14 = t. Let r(h) = h**3 - 10*h**2 - 29*h + 17. What is the hundreds digit of r(t)?
1
Suppose n - 2 = -0. Let a be 1*n*(-19 + 20). Suppose -y + 6*g - 2*g = -3, -g = a*y - 33. What is the units digit of y?
5
Let f = 1085 + -454. Suppose 0 = 6*h - f - 461. What is the hundreds digit of h?
1
Suppose -6*b - 12 + 180 = 0. Let q = 92 - b. What is the units digit of q?
4
Let b(a) = 3*a**3 + 4*a**2 - 2. Let x(s) = -2*s**3 + s**2 + 2*s + 1. Let p(f) = b(f) + x(f). Let u(c) = c + 1. Let m be u(-4). What is the tens digit of p(m)?
1
Let z(b) = b**3 - 4*b**2 - 4*b + 3. Let m be z(4). Let j = -11 - m. Suppose o - j - 37 = 0. What is the units digit of o?
9
Suppose 3*o - 213 = 5*h, 3*o = -2*o - 4*h + 392. Suppose -25 = 5*v, -2*v - 23 = -z + o. Suppose 1 - z = -4*t. What is the units digit of t?
2
Suppose -3*u + 8*u = -20. Let w be (-5 - -3 - u)*1. Suppose -66 = -0*q - w*q. What is the units digit of q?
3
Suppose -1001 = -19*d - 374. Let n be (-1)/3 - (-59)/(-3). Let h = d + n. What is the units digit of h?
3
Let o be (-34 - 2)/((-9)/(-6)). Let j(k) = -k**2 - 24*k + 15. What is the units digit of j(o)?
5
Let y = -683 - -1032. What is the hundreds digit of y?
3
Suppose 21*w + 808 = 23*w. What is the units digit of w?
4
Suppose 827*p = 822*p + 3570. What is the tens digit of p?
1
Let z(t) = -80*t**2 + 3*t - 3. Suppose 11*q = 14*q - 3. Let x be z(q). What is the tens digit of (-20)/x - (-294)/8?
3
Let z(x) = 3*x**2 - 4*x + 8. Suppose 0 = 12*q - 15*q + 45. Let w = q + -11. What is the tens digit of z(w)?
4
Let h = -145 + 211. What is the tens digit of 7/(105/40)*h/4?
4
Let x be (-39 + -4)*(-3)/3. Suppose -w - j = -2, 4*j + x - 6 = 5*w. What is the units digit of w?
5
What is the units digit of 1 + -10 - -6 - -535?
2
What is the hundreds digit of (-10 - 1999)*24/(-14)?
4
Let c = -663 - -1229. What is the hundreds digit of c?
5
Let z(p) = -p**2 - 7*p. Let s be z(-6). What is the tens digit of ((-2)/(-10))/(s/255)*6?
5
Let o(u) = 49*u**2 + 67*u - 314. What is the units digit of o(5)?
6
Suppose 1198 = 2*w - 4*j, -3*w + 1808 = -j + 6*j. What is the hundreds digit of w?
6
Suppose -12 = 5*f - 37. Suppose -f*v = 5 - 40. Let x(k) = k + 4. What is the tens digit of x(v)?
1
Let s(w) = -20*w + 7. Let u be s(-4). Suppose u = 2*t + t. What is the units digit of t?
9
Suppose v - 3*y - 12 = 0, 3*y + 24 = 5*v - 12. Suppose i - v*i = -230. What is the tens digit of i?
4
Let o = 369 + -367. Suppose -w + 14 = -h - h, -44 = -4*w + 5*h. Let i = o + w. What is the units digit of i?
8
Let u be 6/21 + 1760/14. Let j = -36 + u. What is the tens digit of j?
9
Let h(w) = 52*w**2 - 12*w - 31. What is the hundreds digit of h(-4)?
8
Suppose 21*r - 298 = 19*r. Let k = -49 + r. What is the units digit of k?
0
Let l(q) = q**2 + 9*q. Let s be l(-9). Suppose s*r = -5*r + 10. Suppose 0 = -r*p + 12 + 24. What is the tens digit of p?
1
Let z(v) be the third derivative of -v**5/60 - 13*v**4/24 - 5*v**3/6 - 4*v**2. What is the tens digit of z(-8)?
3
Suppose -2*v + 4*v - 94 = 0. Let k = v + -40. What is the units digit of k?
7
Suppose -2*y - 4*u + 44 = 0, 5*u + 48 = 2*y + 8*u. Let v = 50 - y. What is the tens digit of v?
2
Let w = -94 + 94. What is the tens digit of (w - 6 - -3)*23/(-3)?
2
Let v be (-108)/24*4/(-2) + -2. Suppose 286 = v*y - 225. What is the units digit of y?
3
Let o(l) = -l**3 - 2*l**2 + 7*l + 2451. What is the hundreds digit of o(0)?
4
Let c = -152 + 225. Let m = -18 + -28. Let v = c + m. What is the units digit of v?
7
Suppose 0 = w + w - 8. Suppose 0 = -8*r + w*r + 84. What is the units digit of r?
1
Let k = 3538 - 1924. What is the thousands digit of k?
1
Let q = -309 - -1109. What is the units digit of q?
0
Let g(o) = 3166*o + 33. What is the thousands digit of g(1)?
3
Suppose 3*i - 687 = 5*t - 0*t, -230 = -i + 2*t. What is the tens digit of i?
2
Suppose 0 = 5*y - 6*y + 123. Let a = -57 + y. What is the units digit of a?
6
Let o(d) = 4*d**3 - 8*d**2 + 16*d - 92. What is the hundreds digit of o(7)?
0
What is the thousands digit of (-282)/(-188)*2446/3?
1
Let v(p) = p**2 - 17*p - 4. What is the tens digit of v(-18)?
2
Let j = -219 + 396. Suppose -7 = -5*k - j. Let m = k + 58. What is the units digit of m?
4
Suppose 2*w - 2*j + 8853 = 7*w, -5*w - 3*j = -8857. What is the hundreds digit of w?
7
Let u be 29/(-3)*(2/2 + 8). Let x = u + 137. What is the tens digit of x?
5
Let p = -586 - -1132. What is the tens digit of p?
4
Let g(r) = r**2 + 1. Let w be g(0). What is the units digit of 5*w/(-10)*-118?
9
Suppose 2*v - k = 13 - 60, 2*v + 2*k + 50 = 0. Let g be (v/10)/(3/(-10)). What is the units digit of (17 - g) + (0 - 1)?
8
Suppose 9*a - 756 = 873. What is the hundreds digit of a?
1
Suppose 1307 = -6*z + 3323. Suppose -7*v + 4*v + z = 0. What is the hundreds digit of v?
1
Let n be 10/15 - (-1112)/6. Suppose 0 = -0*l + 3*l - n. What is the units digit of l?
2
Let o be (-42)/28 + (0 - (-74)/(-4)). What is the tens digit of (-2313)/6*(o/12 - -1)?
5
What is the hundreds digit of (18475/5 - 0)*4/20?
7
Let w(l) = l - 13. Let i(b) = -b + 6. Let s(j) = 5*i(j) + 3*w(j). Let d be s(6). Let u = d - -30. What is the units digit of u?
9
Let i = -691 - -2080. What is the hundreds digit of i?
3
Let l(b) = 6*b**3 - b**2 + 4*b - 14. What is the units digit of l(4)?
0
Let f be 2/(-4)*0 - 0. Let l = 2 - 0. Suppose -l*b + f*b = -34. What is the units digit of b?
7
Suppose 9*x - 32 = -221. Let a = x - -31. What is the tens digit of a?
1
Let i = 11 + -13. What is the tens digit of (388/(-4))/(i - -1)?
9
Let v be (-28)/3*45/(-10). What is the tens digit of ((-98)/4)/((-7)/v)?
4
Let t(q) = q**2 - 7*q - 2. Let c be -2 + 152/((-8)/2). Let o be (-32)/(-3) - c/(-60). What is the tens digit of t(o)?
2
Let m(w) be the third derivative of -41*w**4/8 - 9*w**2. What is the tens digit of m(-1)?
2
Suppose 3*f + 0*f - 7281 = 0. What is the units digit of f?
7
What is the thousands digit of 24/20*29480/33?
1
Suppose 3920 = 5*r + 2*b, -r - 16*b + 15*b + 787 = 0. What is the hundreds digit of r?
7
Suppose -2*l - 5*k + 1059 = 0, -12*l - 5*k = -17*l + 2560. What is the tens digit of l?
1
What is the tens digit of 10/(160/51916) + 3/12?
4
Let d(x) = 72*x**2 - x - 2. What is the units digit of d(3)?
3
Let n(r) be the third derivative of 0 + 0*r + 1/6*r**3 - 1/12*r**4 - r**2 + 8/15*r**5. What is the tens digit of n(1)?
3
What is the hundreds digit of (0 